 of 445141185?
3, 5, 379, 78301
List the prime factors of 4228079181.
3, 31, 59, 71, 10853
List the prime factors of 324724501.
324724501
What are the prime factors of 1862943494?
2, 931471747
List the prime factors of 166582133.
17, 337, 29077
What are the prime factors of 131349766?
2, 151, 434933
What are the prime factors of 31670374?
2, 59, 311, 863
What are the prime factors of 492747304?
2, 7, 773, 11383
What are the prime factors of 7376244676?
2, 19, 547, 177433
List the prime factors of 2574596106.
2, 3, 143033117
List the prime factors of 41558759.
11, 967, 3907
What are the prime factors of 177488482?
2, 37, 2398493
List the prime factors of 603675004.
2, 1453, 103867
What are the prime factors of 136901958?
2, 3, 22816993
List the prime factors of 118594354.
2, 59297177
List the prime factors of 33516146.
2, 17, 31, 31799
List the prime factors of 340174095.
3, 5, 22678273
List the prime factors of 1208876734.
2, 13, 23, 2021533
List the prime factors of 108176778.
2, 3, 41, 146581
List the prime factors of 20459175.
3, 5, 11, 24799
List the prime factors of 83565648.
2, 3, 19, 10181
What are the prime factors of 3020648659?
7, 61645891
List the prime factors of 218532069.
3, 7, 433, 8011
List the prime factors of 307270309.
53, 5797553
What are the prime factors of 944300570?
2, 5, 19, 1543, 3221
List the prime factors of 734326986.
2, 3, 122387831
What are the prime factors of 809514408?
2, 3, 31, 61, 17837
List the prime factors of 375600486.
2, 3, 62600081
What are the prime factors of 415068312?
2, 3, 1289, 13417
List the prime factors of 47627839.
7, 6803977
List the prime factors of 1959121123.
17, 115242419
List the prime factors of 136317896.
2, 11, 13, 119159
List the prime factors of 2463285709.
2463285709
What are the prime factors of 486224132?
2, 121556033
List the prime factors of 2585839769.
157, 283, 58199
List the prime factors of 1408504108.
2, 11, 32011457
What are the prime factors of 65960466?
2, 3, 11, 13, 59, 1303
List the prime factors of 33439803.
3, 701, 15901
What are the prime factors of 55928151?
3, 107, 239
What are the prime factors of 72188139?
3, 277, 86869
What are the prime factors of 77609063?
7, 17, 761, 857
What are the prime factors of 650431801?
31, 20981671
What are the prime factors of 171117457?
7, 3492193
What are the prime factors of 41862923?
41862923
What are the prime factors of 1268723709?
3, 11, 137, 31181
List the prime factors of 254873632.
2, 13, 47129
What are the prime factors of 2287108564?
2, 13, 131, 335747
List the prime factors of 63878114.
2, 19, 1681003
List the prime factors of 998701455.
3, 5, 61, 1091477
List the prime factors of 731775661.
12487, 58603
List the prime factors of 26186694.
2, 3, 4364449
List the prime factors of 1851737997.
3, 1459, 423061
What are the prime factors of 289333176?
2, 3, 11, 1095959
What are the prime factors of 706576037?
67, 10545911
List the prime factors of 30929168.
2, 139, 13907
List the prime factors of 37885750.
2, 5, 7, 21649
What are the prime factors of 401772582?
2, 3, 73, 101921
What are the prime factors of 31016479?
13, 2385883
List the prime factors of 138926.
2, 69463
What are the prime factors of 1642302920?
2, 5, 41057573
List the prime factors of 1368620712.
2, 3, 704023
List the prime factors of 1191656638.
2, 397, 1500827
List the prime factors of 379695116.
2, 131, 724609
List the prime factors of 104614100.
2, 5, 269, 3889
List the prime factors of 115691193.
3, 37, 115807
What are the prime factors of 2271174273?
3, 5309, 47533
List the prime factors of 1699509965.
5, 339901993
List the prime factors of 92704985.
5, 18540997
List the prime factors of 143967644.
2, 107, 336373
List the prime factors of 1738794732.
2, 3, 113, 1282297
List the prime factors of 44080859.
4679, 9421
What are the prime factors of 1818907802?
2, 47, 19350083
What are the prime factors of 871778165?
5, 127, 1372879
List the prime factors of 73879020.
2, 3, 5, 136813
List the prime factors of 325527235.
5, 11, 433, 13669
List the prime factors of 2623253286.
2, 3, 7237, 60413
What are the prime factors of 126961464?
2, 3, 7, 733, 1031
List the prime factors of 62154768.
2, 3, 13, 99607
What are the prime factors of 1950616733?
13, 229, 655229
List the prime factors of 7006789123.
37, 3967, 47737
List the prime factors of 58924661.
1877, 31393
List the prime factors of 2501174725.
5, 7, 17, 19, 44249
List the prime factors of 321193904.
2, 20074619
What are the prime factors of 511769713?
7, 13, 5623843
What are the prime factors of 1548962492?
2, 7, 11, 31, 162229
What are the prime factors of 1815571416?
2, 3, 233, 324673
List the prime factors of 2180290547.
2180290547
What are the prime factors of 695793436?
2, 13, 37, 421, 859
What are the prime factors of 4839123969?
3, 18743, 28687
What are the prime factors of 317019282?
2, 3, 7001, 7547
List the prime factors of 6304527.
3, 103, 2267
List the prime factors of 2974865983.
2974865983
List the prime factors of 209334838.
2, 17, 71, 5101
What are the prime factors of 3261022215?
3, 5, 11, 31, 109, 5849
What are the prime factors of 323161086?
2, 3, 23, 2341747
What are the prime factors of 1688432830?
2, 5, 7, 67, 360007
What are the prime factors of 1584423?
3, 176047
What are the prime factors of 1765752358?
2, 882876179
List the prime factors of 646609788.
2, 3, 11, 1632853
List the prime factors of 33857513.
41, 53, 15581
List the prime factors of 49309829.
49309829
What are the prime factors of 2801766593?
2801766593
List the prime factors of 2809029180.
2, 3, 5, 43, 127, 8573
What are the prime factors of 581395514?
2, 7, 31, 61, 21961
What are the prime factors of 13072322?
2, 37, 241, 733
What are the prime factors of 22501705?
5, 23, 389, 503
List the prime factors of 5334253091.
719, 761, 9749
What are the prime factors of 6868327?
71, 96737
What are the prime factors of 607097696?
2, 23, 824861
List the prime factors of 73505152.
2, 7, 82037
List the prime factors of 1072214380.
2, 5, 53, 683, 1481
What are the prime factors of 2615037124?
2, 7, 93394183
List the prime factors of 3417440355.
3, 5, 7, 113, 32003
List the prime factors of 113584222.
2, 997, 56963
What are the prime factors of 106856195?
5, 21371239
List the prime factors of 29751276.
2, 3, 89, 313
What are the prime factors of 807380341?
43, 18776287
List the prime factors of 62934523.
487, 129229
List the prime factors of 51207415.
5, 7, 263, 5563
What are the prime factors of 151766756?
2, 19, 311, 6421
List the prime factors of 41639968.
2, 1301249
What are the prime factors of 1035026717?
1035026717
List the prime factors of 28366074.
2, 3, 11, 143263
List the prime factors of 10811393.
743, 14551
List the prime factors of 148911851.
11, 13537441
List the prime factors of 406831204.
2, 13, 61, 128257
What are the prime factors of 3417023?
3417023
What are the prime factors of 38801457?
3, 41, 35051
What are the prime factors of 407010056?
2, 17, 61, 71, 691
List the prime factors of 2302656506.
2, 7753, 148501
List the prime factors of 233831940.
2, 3, 5, 17, 229247
What are the prime factors of 1421731171?
7, 203104453
List the prime factors of 224721862.
2, 491, 228841
List the prime factors of 981020429.
5479, 179051
List the prime factors of 116547190.
2, 5, 11654719
What are the prime factors of 122273535?
3, 5, 8151569
List the prime factors of 1229236692.
2, 3, 19, 5391389
List the prime factors of 3324595113.
3, 7, 293, 389, 463
What are the prime factors of 323717269?
19, 53, 321467
What are the prime factors of 510271358?
2, 255135679
List the prime factors of 644969399.
179, 1291, 2791
List the prime factors of 278212978.
2, 139106489
List the prime factors of 455001391.
13, 35000107
What are the prime factors of 172802403?
3, 711121
List the prime factors of 439723214.
2, 7, 2311, 13591
What are the prime factors of 954706453?
954706453
What are the prime factors of 45046574?
2, 149, 151163
What are the prime factors of 6256011?
3, 887, 2351
What are the prime factors of 3926338666?
2, 17, 31, 3725179
List the prime factors of 1532340.
2, 3, 5, 8513
What are the prime factors of 87280116?
2, 3, 7, 11, 59, 1601
List the prime factors of 414035379.
3, 46003931
List the prime factors of 17